{"id":1085,"date":"2024-07-01T09:27:32","date_gmt":"2024-07-01T09:27:32","guid":{"rendered":"https:\/\/cherzelade.ch\/?post_type=product&#038;p=1085"},"modified":"2025-11-30T13:10:35","modified_gmt":"2025-11-30T13:10:35","slug":"superpower-mief-absorber-phuck-me-alpha-drachenbaby","status":"publish","type":"product","link":"https:\/\/cherzelade.ch\/index.php\/produkt\/superpower-mief-absorber-phuck-me-alpha-drachenbaby\/","title":{"rendered":"SuperPower Mief-Absorber: Phuck me, Alpha! &#8211; Drachenbaby"},"content":{"rendered":"<p>Superpower Duft-Melt Phuck me, Alpha!<br \/>\n<em>Das<\/em> Duft-Melt f\u00fcrs Schlafzimmer.<br \/>\nVorher. W\u00e4hrend. Nachher.<\/p>\n<p>Beschreibung des Duftes:<br \/>\nGr\u00fcne Kopfnoten: Kr\u00e4uter, Rosmarin, Lotus, Palmblatt und Minze. Herznoten von Jasmin, Orangenbl\u00fcte, Ylang Ylang, Iris und Rose. Die Basis dieses Duftes besteht aus Waldnoten, Wodka, Sandelholz, Patschuli und Eichenmoos.<br \/>\nEin bisschen erdig, dabei sauber und frisch. Und sehr, <em>sehr<\/em> sexy!<\/p>\n<p>Das Duft-Melt kommt zu Dir in Form eines zuckers\u00fcssen Babydrachens.<br \/>\nEinfach in die trockene Schale der Duftlampe geben.<br \/>\nGeschmolzen im Duftl\u00e4mpchen zeigt sich der wahre Zauber vom Duft-Melt.<\/p>\n<p>Dies ist ein <strong>SuperPower *Verf\u00fchrung auf den ersten Blick* Duft-Melt<\/strong> das mithilft, unangenehme Ger\u00fcche zu <em>entfernen<\/em>, nicht bloss zu \u00fcberdecken.<br \/>\nDiese DuftMelts sind intensiver im Duft und enthalten ungef\u00e4hr doppelt soviel Duft\u00f6l.<br \/>\nProbier\u2019s aus!<\/p>\n<div style=\"width: 720px;\" class=\"wp-video\"><video class=\"wp-video-shortcode\" id=\"video-1085-1\" width=\"720\" height=\"752\" preload=\"metadata\" controls=\"controls\"><source type=\"video\/mp4\" src=\"https:\/\/cherzelade.ch\/wp-content\/uploads\/2024\/07\/cherzelade-ch_phuck-me-alpha_ausformen-drachenbaby.mp4?_=1\" \/><a href=\"https:\/\/cherzelade.ch\/wp-content\/uploads\/2024\/07\/cherzelade-ch_phuck-me-alpha_ausformen-drachenbaby.mp4\">https:\/\/cherzelade.ch\/wp-content\/uploads\/2024\/07\/cherzelade-ch_phuck-me-alpha_ausformen-drachenbaby.mp4<\/a><\/video><\/div>\n<p>&nbsp;<\/p>\n<figure id=\"attachment_261\" aria-describedby=\"caption-attachment-261\" style=\"width: 500px\" class=\"wp-caption alignnone\"><img loading=\"lazy\" decoding=\"async\" class=\"size-medium wp-image-261\" src=\"https:\/\/cherzelade.ch\/wp-content\/uploads\/2024\/03\/duftmeltsblister-dooooodle-500x341.jpg\" alt=\"Duftlampe Doodle\" width=\"500\" height=\"341\" srcset=\"https:\/\/cherzelade.ch\/wp-content\/uploads\/2024\/03\/duftmeltsblister-dooooodle-500x341.jpg 500w, https:\/\/cherzelade.ch\/wp-content\/uploads\/2024\/03\/duftmeltsblister-dooooodle-768x524.jpg 768w, https:\/\/cherzelade.ch\/wp-content\/uploads\/2024\/03\/duftmeltsblister-dooooodle-416x284.jpg 416w, https:\/\/cherzelade.ch\/wp-content\/uploads\/2024\/03\/duftmeltsblister-dooooodle.jpg 800w\" sizes=\"auto, (max-width: 500px) 100vw, 500px\" \/><figcaption id=\"caption-attachment-261\" class=\"wp-caption-text\">Duftlampe Doodle<\/figcaption><\/figure>\n","protected":false},"excerpt":{"rendered":"[video width=\"250\" height=\"255\" mp4=\"https:\/\/cherzelade.ch\/wp-content\/uploads\/2024\/07\/cherzelade-ch_phuck-me-alpha_drachenbaby.mp4\"][\/video]\n<p>&nbsp;<\/p>\n<p>Phuck me, Alpha! DER unwiderstehliche Herrenduft mit dem gewissen Etwas.<\/p>\n","protected":false},"featured_media":1074,"comment_status":"closed","ping_status":"closed","template":"","meta":[],"product_brand":[],"product_cat":[74,72,123],"product_tag":[92,79,78,124,154,153,80],"class_list":{"0":"post-1085","1":"product","2":"type-product","3":"status-publish","4":"has-post-thumbnail","6":"product_cat-duftmelts-in-dekorativen-formen","7":"product_cat-herrenduefte-duftmelts","8":"product_cat-mief-absorber","9":"product_tag-drachenbaby","10":"product_tag-duftmelt","11":"product_tag-melt","12":"product_tag-mief-absorber","13":"product_tag-sex","14":"product_tag-superpower","15":"product_tag-wachsmelt","16":"product_shipping_class-portopauschale","18":"first","19":"instock","20":"shipping-taxable","21":"purchasable","22":"product-type-simple"},"_links":{"self":[{"href":"https:\/\/cherzelade.ch\/index.php\/wp-json\/wp\/v2\/product\/1085","targetHints":{"allow":["GET"]}}],"collection":[{"href":"https:\/\/cherzelade.ch\/index.php\/wp-json\/wp\/v2\/product"}],"about":[{"href":"https:\/\/cherzelade.ch\/index.php\/wp-json\/wp\/v2\/types\/product"}],"replies":[{"embeddable":true,"href":"https:\/\/cherzelade.ch\/index.php\/wp-json\/wp\/v2\/comments?post=1085"}],"wp:featuredmedia":[{"embeddable":true,"href":"https:\/\/cherzelade.ch\/index.php\/wp-json\/wp\/v2\/media\/1074"}],"wp:attachment":[{"href":"https:\/\/cherzelade.ch\/index.php\/wp-json\/wp\/v2\/media?parent=1085"}],"wp:term":[{"taxonomy":"product_brand","embeddable":true,"href":"https:\/\/cherzelade.ch\/index.php\/wp-json\/wp\/v2\/product_brand?post=1085"},{"taxonomy":"product_cat","embeddable":true,"href":"https:\/\/cherzelade.ch\/index.php\/wp-json\/wp\/v2\/product_cat?post=1085"},{"taxonomy":"product_tag","embeddable":true,"href":"https:\/\/cherzelade.ch\/index.php\/wp-json\/wp\/v2\/product_tag?post=1085"}],"curies":[{"name":"wp","href":"https:\/\/api.w.org\/{rel}","templated":true}]}}