{"id":470,"date":"2024-03-24T19:37:05","date_gmt":"2024-03-24T19:37:05","guid":{"rendered":"https:\/\/cherzelade.ch\/?post_type=product&#038;p=470"},"modified":"2025-11-27T18:16:44","modified_gmt":"2025-11-27T18:16:44","slug":"inspired-by-dior-poison-girl-totenkopf","status":"publish","type":"product","link":"https:\/\/cherzelade.ch\/index.php\/produkt\/inspired-by-dior-poison-girl-totenkopf\/","title":{"rendered":"Inspired by Dior Poison Girl &#8211; Totenkopf"},"content":{"rendered":"<p>Totenkopf &#8211; Duft-Melt, Inspired by Poison Girl<\/p>\n<p>Beschreibung des Duftes:<br \/>\nEs ist eine temperamentvolle Komposition. Die Sinne werden, mit der k\u00fchnen Begegnung zwischen kontrastierenden Rohstoffen spielend gleich dreifach angesprochen.<br \/>\nEisgek\u00fchlte saftige Orangen bilden ein Duett, das sich austauscht und einander wie Schwestern erg\u00e4nzt. Als n\u00e4chstes verspr\u00fchen sinnliche Blumenbouquets eine lebhafte und heisskalte Stimmung.<br \/>\nSchliesslich entfalten sich Tonkabohnen- und Vanillenoten in einer sinnlichen, bitters\u00fcssen Liebkosung.<\/p>\n<p>Gef\u00fchlt:<br \/>\nWeiblich, frisch ohne aufdringlich zu sein. Ein sehr sch\u00f6ner und angenehmer Geruch f\u00fcr das gesamte Zuhause.<\/p>\n<p>Jedes Melt ist ein visuelles Happening im Duftl\u00e4mpchen.<br \/>\nDuft-Melt in die trockene Schale der Duftlampe legen.<br \/>\nGeschmolzen im Duftl\u00e4mpchen zeigt sich der wahre Zauber vom Duft-Melt.<br \/>\nG\u00f6nn Dir!<\/p>\n<div style=\"width: 980px;\" class=\"wp-video\"><video class=\"wp-video-shortcode\" id=\"video-470-1\" width=\"980\" height=\"692\" preload=\"metadata\" controls=\"controls\"><source type=\"video\/mp4\" src=\"https:\/\/cherzelade.ch\/wp-content\/uploads\/2024\/03\/cherzelade-duftmelts-poison-girl_28.mp4?_=1\" \/><a href=\"https:\/\/cherzelade.ch\/wp-content\/uploads\/2024\/03\/cherzelade-duftmelts-poison-girl_28.mp4\">https:\/\/cherzelade.ch\/wp-content\/uploads\/2024\/03\/cherzelade-duftmelts-poison-girl_28.mp4<\/a><\/video><\/div>\n","protected":false},"excerpt":{"rendered":"[video width=\"250\" height=\"155\" mp4=\"https:\/\/cherzelade.ch\/wp-content\/uploads\/2024\/03\/cherzelade-duftmelts-poison-girl_29.mp4\"][\/video]\n<p>Duft-Melt Totenkopf inspired by Poison Girl<\/p>\n","protected":false},"featured_media":459,"comment_status":"closed","ping_status":"closed","template":"","meta":[],"product_brand":[],"product_cat":[73,74],"product_tag":[82,79,78,87,84,80],"class_list":{"0":"post-470","1":"product","2":"type-product","3":"status-publish","4":"has-post-thumbnail","6":"product_cat-damenduefte-duftmelts","7":"product_cat-duftmelts-in-dekorativen-formen","8":"product_tag-dior","9":"product_tag-duftmelt","10":"product_tag-melt","11":"product_tag-pink","12":"product_tag-poison-girl","13":"product_tag-wachsmelt","14":"product_shipping_class-portopauschale","16":"first","17":"instock","18":"shipping-taxable","19":"purchasable","20":"product-type-simple"},"_links":{"self":[{"href":"https:\/\/cherzelade.ch\/index.php\/wp-json\/wp\/v2\/product\/470","targetHints":{"allow":["GET"]}}],"collection":[{"href":"https:\/\/cherzelade.ch\/index.php\/wp-json\/wp\/v2\/product"}],"about":[{"href":"https:\/\/cherzelade.ch\/index.php\/wp-json\/wp\/v2\/types\/product"}],"replies":[{"embeddable":true,"href":"https:\/\/cherzelade.ch\/index.php\/wp-json\/wp\/v2\/comments?post=470"}],"wp:featuredmedia":[{"embeddable":true,"href":"https:\/\/cherzelade.ch\/index.php\/wp-json\/wp\/v2\/media\/459"}],"wp:attachment":[{"href":"https:\/\/cherzelade.ch\/index.php\/wp-json\/wp\/v2\/media?parent=470"}],"wp:term":[{"taxonomy":"product_brand","embeddable":true,"href":"https:\/\/cherzelade.ch\/index.php\/wp-json\/wp\/v2\/product_brand?post=470"},{"taxonomy":"product_cat","embeddable":true,"href":"https:\/\/cherzelade.ch\/index.php\/wp-json\/wp\/v2\/product_cat?post=470"},{"taxonomy":"product_tag","embeddable":true,"href":"https:\/\/cherzelade.ch\/index.php\/wp-json\/wp\/v2\/product_tag?post=470"}],"curies":[{"name":"wp","href":"https:\/\/api.w.org\/{rel}","templated":true}]}}